*2 + 3*d + 1. Calculate the remainder when v(4) is divided by 4.
1
Suppose 0 = -5*r + 10, -r = 3*s + 4*r - 241. Calculate the remainder when s is divided by 26.
25
Let w = -28 - -40. Suppose 5*g = 3*b + 20, 2 = -5*g + 5*b + w. What is the remainder when g is divided by 5?
2
Suppose -5*d + 4*o = 7 + 1, 3*o = 4*d + 7. Let f(h) = -h**3 - 5*h**2 - 9*h - 3. Calculate the remainder when f(d) is divided by 5.
2
Calculate the remainder when 15 is divided by -3 - (-11)/2*2.
7
Suppose 3*p = 227 - 80. What is the remainder when p is divided by 14?
7
Let l = 55 + -20. Suppose 0*h - h + l = 0. What is the remainder when h is divided by 9?
8
Let z(g) = 7*g**2 - g - 1. Let p be z(-3). Calculate the remainder when p/15 - (-1)/(-3) is divided by 3.
1
Let w be 0*((-2)/(-2) - 0). Suppose 0*c + 4*c + 4*y - 32 = w, y = 4*c - 12. Let k(g) = g**2 - 5*g + 4. What is the remainder when k(6) is divided by c?
2
Let k(f) = -f**2 - f + 10. Suppose u = 2*u. What is the remainder when 28 is divided by k(u)?
8
Let m = 6 + 2. Let w = m - -2. Calculate the remainder when 38 is divided by w.
8
Suppose 3*c - 2*s = 54, s - 70 = -4*c + 13. What is the remainder when c is divided by 6?
2
Let l(m) = 3*m**2 + 4*m + 3. Let s = 0 + -2. Calculate the remainder when 18 is divided by l(s).
4
Let q = 75 + -62. What is the remainder when 18 is divided by q?
5
Suppose 4*t - 7 = -3*i, -t + 3*t = -10. Calculate the remainder when 80 is divided by i.
8
Suppose u = 3*u + 10, 0 = -4*d - 2*u + 102. Calculate the remainder when 82 is divided by d.
26
Suppose 3*w - 50 = -4*r - 16, -3*w = r - 4. Suppose 12 = -3*s + 99. Calculate the remainder when s is divided by r.
9
Suppose 16 = -2*b + 4*o, 0*b - 2*b + 2*o = 8. Let q(w) = w**3 + w**2 - w + 37. What is the remainder when q(b) is divided by 13?
11
Suppose -2*k + 1 + 3 = 0. Let m(d) be the third derivative of d**5/60 + d**4/12 - d**3/2 - d**2. What is the remainder when 9 is divided by m(k)?
4
Suppose 0*i + 3*i + 3*o = 120, -4*i = -2*o - 166. Suppose -2*b - 14 + 44 = 0. What is the remainder when i is divided by b?
11
Suppose -3*y + 4*r - 15 = 0, -2 = -4*y - r - r. Calculate the remainder when 7 is divided by 14/8 - y/4.
1
Let d(m) = m**3 + 4*m**2 - 4*m + 1. Let p be d(-4). Let b = p - 11. Calculate the remainder when 38 is divided by (-8)/(-6)*45/b.
8
Let g = -1 - 4. What is the remainder when ((-16)/g)/((-3)/(-15)) is divided by 6?
4
Let i = 18 + -2. What is the remainder when i is divided by 3 + 6/(-2) + 9?
7
Calculate the remainder when ((-399)/(-42))/((-1)/(-2)) is divided by 11.
8
Calculate the remainder when (0/(-4) - 4) + 39 is divided by 20.
15
Let t = 60 + -30. Calculate the remainder when t is divided by 16.
14
Suppose 2*r - 5*r - 3*q + 39 = 0, -2*r + 10 = -2*q. Calculate the remainder when 35 is divided by r.
8
Let i = 5 - -78. Let y = 75 + -54. Calculate the remainder when i is divided by y.
20
Suppose -5*u + 124 = -u. Calculate the remainder when 122 is divided by u.
29
Let f = -9 + 2. Calculate the remainder when 6/21*(0 - f) is divided by 16/6 - 4/6.
0
Let q = -4 - -4. Calculate the remainder when (10 + -2)*(-2 - -3) is divided by 2 - (q - (5 + -2)).
3
Suppose 0*c + 5*c - 325 = 0. Calculate the remainder when c is divided by (-6)/18*(-98 + -1).
32
Suppose 2*w = -5*d + 268, 4*d - 5*w + 103 = 6*d. Suppose -5*h = -d - 151. Calculate the remainder when h is divided by 11.
8
Let d be (3/(-2))/(-3)*286. Let g = -84 + d. Calculate the remainder when g is divided by 20.
19
Let t(d) = d + 11. Let q be t(-5). Let y be 6*(1 - (q - 2)). Let z = 11 - y. Calculate the remainder when z is divided by 10.
9
Suppose 0 = -5*k + 6*k - 21. Calculate the remainder when 81 is divided by k.
18
Let f(q) = q**3 - 5*q**2 - 3*q - 14. Calculate the remainder when 13 is divided by f(6).
1
Let d = 11 - -2. Calculate the remainder when 1/(8/(206 - 6)) is divided by d.
12
Suppose 0 = -4*j + 4*k + 47 + 157, 0 = 4*j - 5*k - 209. What is the remainder when j is divided by 10?
6
What is the remainder when 35 is divided by (-6)/(-2) - (-1 - -2)?
1
Suppose -88 = 5*y + 512. What is the remainder when 31 is divided by ((-2)/(-6))/((-5)/y)?
7
Suppose -m + 2*m = 22. Let t(r) = r + 14. Suppose 2*k = -4 - 8. Calculate the remainder when m is divided by t(k).
6
Suppose 0 = 3*m + 24 + 33. Let g = m - -32. Let u = 0 + g. Calculate the remainder when 25 is divided by u.
12
What is the remainder when 2 - -21*(-3 - -4) is divided by 13?
10
Calculate the remainder when 56 - 0 - (0 + -2 - -4) is divided by 14.
12
Let i = 12 - 7. Suppose m - 5*m = -i*b + 21, -3*b = 2*m + 5. Let r = -3 - -5. What is the remainder when r is divided by b?
0
Suppose 4*u = -3*b + 113, 5*b = 2*u + b - 84. Let a(d) = -1 - 3*d + 4*d**2 + 13*d**2 + 4*d. What is the remainder when u is divided by a(1)?
15
Let g = -7 - -5. Let p(j) = j**2 - 2*j - 3. What is the remainder when 18 is divided by p(g)?
3
Let u = -64 + 139. Let w = 36 - 17. Calculate the remainder when u is divided by w.
18
Calculate the remainder when (-160)/(-3) + (-4)/(-6) is divided by 21*(-3)/((-18)/4).
12
Let n = 100 - 98. Suppose 0 = 4*m + 5*r, 4*m - 12 = -r + 4. Suppose -n*u + 6*u + o = 13, -m*u = o - 16. What is the remainder when u is divided by 3?
0
Suppose 2*m = -4*d + 28, 2*m - 5*d = -0 - 8. Suppose -q - 1 = -m. Suppose q*z - 37 - 33 = 0. Calculate the remainder when z is divided by 4.
2
Suppose 2 = -s - 5. Let z(d) = -5*d + 6. Let r(b) = 4*b - 5. Let v(n) = s*r(n) - 6*z(n). What is the remainder when v(3) is divided by 3?
2
Suppose -i = 2*i - 117. Calculate the remainder when 114 is divided by i.
36
Suppose 0 = -4*n + 2*n. Suppose n = w - 3*y - 19, -7 = -w - 2*y + 2. Calculate the remainder when 38 is divided by w.
12
Suppose -6 = t + 2*p - 2, 35 = 5*t - p. Let w = t + -4. Suppose 0 = -w*h - 2*f + 62, 0 = h + 3*f + f - 40. Calculate the remainder when h is divided by 10.
8
Suppose -4*y - y + 13 = u, -4*y = 4*u - 20. Calculate the remainder when 8 is divided by u.
2
Let b = 91 + -33. Calculate the remainder when b is divided by 16.
10
Suppose -3*m - 2*y = -71, -4*m - 4*y = y - 104. Let d be 14/(-8) + 3/(-12). Calculate the remainder when 203/5 - d/5 is divided by m.
20
Let p(m) = m**3 + 31*m**2 + 55*m. What is the remainder when p(-29) is divided by 15?
12
Let s = 12 - 7. Calculate the remainder when (0 + ((-21)/6 - -3))*-24 is divided by s.
2
Suppose 3*t - 8*t = -10. Suppose t*n - 24 = -2*m, -52 = -4*n + 3*m - 8*m. Suppose -3*u = -15 - 54. Calculate the remainder when u is divided by n.
7
Let a = 12 - -7. Calculate the remainder when 90 is divided by a.
14
Let t(o) = o - 1. Let p be t(6). Suppose 79 = p*a + 2*h + 22, 5*a - 5*h = 50. Let z = 8 + -1. What is the remainder when a is divided by z?
4
Suppose g = -3*b + b + 1, 2 = b + g. Let p = 14 + b. Let n = 10 + -3. Calculate the remainder when p is divided by n.
6
Let h(b) = -b**3 - 16*b**2 - 4*b + 20. What is the remainder when h(-16) is divided by 44?
40
Let b(j) be the first derivative of -j**4/4 - 5*j**3/3 + j**2/2 + 7*j - 2. Calculate the remainder when b(-5) is divided by 2.
0
Suppose u - 15 = -4*m, -9 = -m - 3*u + 3. Calculate the remainder when 22 is divided by m.
1
Let p(a) = -a**2 + a - 3. Let m be p(0). Let t = -4 - m. What is the remainder when t/((-39)/(-42) - 1) is divided by 5?
4
Let i(j) = -j + 3. Let n be i(-10). Let m = n + 0. Calculate the remainder when 24 is divided by m.
11
Suppose 17 = l + l - 5*i, -5*i + 27 = 2*l. Calculate the remainder when (-77)/(-5) - 2/5 is divided by (-1 - l)/(3/(-2)).
7
Let l = 3 + 1. Suppose -k + 323 = l*x - 6*k, -5*x + 400 = -5*k. Calculate the remainder when x is divided by 26.
25
Suppose -x - 87 = -4*n, 2*x - 68 = -n - 2*n. Calculate the remainder when 129 is divided by n.
19
Suppose -3 = -3*q + 5*z, -3*q - z + 27 = q. Let l = -2 - -6. Suppose 0 = -d + l - 0. Calculate the remainder when q is divided by d.
2
Let s(l) = 6*l. Let r be s(-2). Let g = r - -14. Calculate the remainder when (5/2)/((-3)/(-6)) is divided by g.
1
Let y = 19 - 10. Calculate the remainder when 24 is divided by y.
6
Suppose 2*q + 2*p = q + 37, 148 = 4*q + p. What is the remainder when q is divided by (-1 - 25)*(-1)/2?
11
Let t(m) = 2*m + 10 - 7 + 3*m**2 - 2*m**2. Suppose -5*q - 6*c + 25 = -8*c, -3*q + c + 15 = 0. What is the remainder when t(q) is divided by 10?
8